= -10*a. What is the greatest common factor of 284 and a?
284
Let t = -4267 + 4308. Calculate the highest common factor of 2009 and t.
41
Let z be (354497/52)/(-37)*(-1 - 3). Calculate the greatest common divisor of z and 33.
11
Suppose -75*l + 566 = -48023 - 16961. Calculate the greatest common divisor of 494 and l.
38
Suppose 2*d + 80 - 444 = 0. Suppose 11*t - 578 = -d. What is the greatest common factor of t and 84?
12
Let o be 1*(-10)/15*1*-24. Suppose 5*a + 425 = 5*v + 2*a, -2*a + 425 = 5*v. Let s = 197 - v. What is the greatest common factor of o and s?
16
Let a(p) = 4*p**2 - p - 8. Let z be a(-4). Suppose -3*j - 2*w + 3 = -77, 15 = -3*w. What is the greatest common divisor of z and j?
30
Let o = -182 + 185. Suppose o*j - 5*j - 21 = -k, j = 4. Calculate the highest common factor of k and 232.
29
Let g be ((-288)/20)/6*(3 + 17628/(-36)). Calculate the greatest common factor of 144 and g.
16
Let z(f) = 5*f + 20. Let q be z(-4). Suppose 2*g - 354 = -0*g + o, q = 2*g + 3*o - 346. What is the greatest common factor of g and 16?
16
Suppose 5*o + 0*o - 3*u = 58, 0 = -3*o + 2*u + 34. Suppose s = -2*y + 458, 0 = 981*y - 980*y + 5*s - 211. What is the greatest common factor of o and y?
7
Suppose -q + 3*c + 528 = 0, -5*q + 3*c + 3738 = 1158. Calculate the highest common divisor of 27 and q.
27
Suppose p + 4*f - 1533 = 0, 167*f = -5*p + 170*f + 7619. Calculate the greatest common divisor of 244 and p.
61
Suppose -70*c - 54285 = -95*c - 116*c. What is the greatest common divisor of c and 126?
7
Let p(l) = 2*l**3 + 23*l**2 + 6*l + 26. Let d be 10/(-25) + 53/(-5). Let b be p(d). Calculate the greatest common divisor of b and 108.
27
Suppose 2*a - 365 = 5*q - 381, -2*q + 18 = 5*a. Suppose -4*x + 304 = 2*i, -2*i + 3*x = -217 - 122. What is the highest common factor of a and i?
2
Suppose 20*s - 65156 = 13*s. Let y be 100/250 - (2 + s/(-5)). What is the highest common divisor of y and 15?
15
Let b be (0 + 0 - 1) + 25. Let n(y) = 22*y**2 - 405*y - 115. Let d be n(19). What is the highest common factor of d and b?
12
Let x = 9067 - 8875. What is the highest common factor of x and 1296?
48
Let s = 5490 + -5450. What is the highest common factor of 11000 and s?
40
Let c(a) = 340*a - 678*a + 341*a + 35. Let t be c(0). Calculate the greatest common factor of t and 35.
35
Let i(g) = 2358*g**2 - 88*g - 30. Let l be i(3). Calculate the highest common divisor of l and 384.
192
Let h = 18 + -4. Let z(c) be the first derivative of -2*c**2 - 46*c + 33. Let p be z(-22). Calculate the highest common divisor of p and h.
14
Let c = 21243 - 21056. What is the greatest common factor of 1881 and c?
11
Suppose -13*j + 38*j = 9*j + 143360. Calculate the greatest common divisor of j and 42.
14
Suppose 0 = 5*b - 11756 - 2324. What is the greatest common divisor of 1584 and b?
176
Let g = 44160 - 37887. Calculate the highest common divisor of 306 and g.
153
Let n be (-577)/(-3) + 2/(-6). Suppose 26*m + 7*m = -330. Let s(k) = k**3 + 8*k**2 - 20*k + 16. Let d be s(m). Calculate the greatest common divisor of d and n.
16
Let w(b) = 4*b + 6. Let z = -98 + 102. Suppose -q = 5*n - 18, z*n - 14 = 3*q - 4*q. Let j be w(n). Calculate the greatest common factor of 2 and j.
2
Suppose 2*i - 104 = 2*t, 10 = -4*t - 6. Let g = 5739 + -5727. What is the greatest common divisor of g and i?
12
Suppose 5*y = 5*i + 55, 21*i = -2*y + 19*i + 10. What is the highest common factor of 400 and y?
8
Suppose 4*w = 3*l - 100, -63 = -4*l + 4*w + 73. Suppose -33*y - 300 = -l*y. Suppose 15*r - 230 = y. Calculate the greatest common factor of r and 22.
22
Let t = -1458 - -1551. Calculate the greatest common factor of 527 and t.
31
Suppose 4*s = 5*o - 8104, 3*s + 10 = -8. Calculate the greatest common factor of 64 and o.
16
Let g = 45 - 81. Let y = -17 - g. Let d(r) = 8*r - 59. Let v be d(y). What is the highest common divisor of 62 and v?
31
Let p(l) = -100*l + 954. Let k be p(9). Calculate the greatest common divisor of 15 and k.
3
Let u = -7652 + 21488. Let l be 30/(-285) - u/(-38). Calculate the greatest common factor of 104 and l.
52
Let l = -11154 + 11186. What is the greatest common factor of l and 544?
32
Let n(t) = 161*t + 168. Let p(a) = 20*a + 21. Let v(z) = 6*n(z) - 49*p(z). Let q be v(-4). Calculate the greatest common divisor of 28 and q.
7
Let w = 1258 - 645. Suppose 4*k - 4*p - 488 = 0, 5*k - w = p + p. Let x = -114 + k. Calculate the greatest common divisor of x and 6.
3
Let h(v) = -v**2 + 30*v + 10. Let r be h(21). Let q = r + -141. What is the greatest common factor of 522 and q?
58
Let r be (-38 - (-10 + 21 - 9))/(1/(-1)). Let o(a) = -a**3 - 5*a**2 + 10*a + 2. Let n be o(-7). Calculate the greatest common factor of n and r.
10
Let x = 404 + 1. Calculate the highest common divisor of 600 and x.
15
Let j(n) = 121*n - 1660. Let i be j(14). What is the highest common factor of 82 and i?
2
Let p = 4048 + -3964. Let k(a) = -a**3 + 8*a**2 - 2*a - 10. Let c be k(7). Let r = 39 - c. Calculate the greatest common divisor of r and p.
14
Suppose 27*x - 115*x = 54*x - 142. What is the greatest common divisor of x and 251?
1
Let v be ((-96)/5)/(0 - 2/(-10)). Let p be ((-1)/(-3))/((-8)/v). Suppose 3 = b - p. What is the highest common divisor of 63 and b?
7
Let t(b) = b**3 + 12*b**2 + 2*b + 27. Let a be t(-12). Suppose 6*n = -93 + a. Let g be (-9)/(1 - 4) - (n - 2). What is the greatest common divisor of 5 and g?
5
Let l(r) = -4*r**3 - 47*r**2 + 12*r + 8. Let f be l(-12). Suppose 49 = z - 5*c, -2*c - 74 = -10*z + f*z. What is the highest common factor of 34 and z?
34
Let q be -3 - (0 - (-15)/(-3)). Suppose -2*y = -7 - 3. Suppose -4*a + 142 = -y*r - 44, 0 = 4*a + q*r - 200. What is the highest common factor of 7 and a?
7
Let o(q) = -27*q**2 + 1 - 16 + 15*q**2 - q**3 - 20*q - 7*q. Let z be o(-10). Calculate the highest common factor of 5 and z.
5
Suppose 0 = 9377*s - 9390*s + 10933. Calculate the greatest common divisor of 290 and s.
29
Let j be (-2 - (-1 - (0 + -1)))*-1. Suppose 0 = 3*o - 4*o - 3*d + 16, -38 = -j*o - 4*d. Calculate the greatest common divisor of 775 and o.
25
Let m be 6 + (-30)/6 + 71. Let x be 1 + (0 - -3) + m/12. What is the highest common divisor of 270 and x?
10
Let l be (-1)/4 + (-9 - (-657)/36). Suppose -l*t + 633 + 447 = 0. What is the highest common factor of t and 12?
12
Suppose q = -s + 7 + 96, -4*q = s - 124. Calculate the highest common factor of 32 and s.
32
Suppose 0 = 2*s - j + 111, s - 6*s = 2*j + 282. Let n = s + 94. Let y be ((-19)/8)/(121/(-6776)). Calculate the highest common factor of y and n.
19
Let n(x) = -1938*x + 15555. Let p be n(8). What is the highest common factor of 1149 and p?
3
Let t be ((7 - 0) + -11)*(-7)/2. Let i be 0 + 7/(t/18). Suppose r = 5*r - 72. What is the highest common divisor of r and i?
9
Suppose -z + 904 = 4*z - 2*q, 4*q = z - 188. Calculate the greatest common divisor of 80 and z.
20
Suppose 23*j - 118*j + 49104 = 4*j. Calculate the greatest common factor of j and 28.
4
Let g(w) = w**2 - 30*w + 32. Let f be g(27). Let t be (-7)/f - ((-4224)/28 - 3). Let h = -19 - -41. What is the highest common divisor of h and t?
22
Let c = 9112 + -4484. Calculate the highest common factor of 13 and c.
13
Let g be 1 - (-4)/(-1) - 4. Let m(z) = -2*z**3 - 5*z**2 - z - 4. Let c be m(g). Let n be ((-2)/2 + 2)/(2/c). What is the greatest common factor of 37 and n?
37
Let a be 23/(-2)*(-8 - -9)*-2. Suppose 5*f + a = 3*z, -1 = 5*z - 4*f - 48. Calculate the highest common divisor of 253 and z.
11
Let q = -36 - -64. Suppose 248 = 13*z - 324. Let b = z - q. What is the greatest common divisor of 144 and b?
16
Suppose 10133 = 6*x + 1475. Calculate the greatest common factor of 39 and x.
39
Suppose 4*k + 3*w + 1566 = -k, -4*w + 957 = -3*k. Let c = k - -335. What is the greatest common divisor of c and 4?
4
Suppose -35 = 6*h - 7*h. Let k = 49 - h. Suppose k*v - 12 = 13*v. Calculate the highest common divisor of 48 and v.
12
Let w = 14835 + -9933. Calculate the highest common divisor of 342 and w.
114
Let g(f) = -3*f**2 + 15*f - 16. Let w be g(7). Let x = w - -83. What is the greatest common factor of 10 and x?
5
Suppose 10880*x - 29856 = 10832*x. Calculate the greatest common factor of 4 and x.
2
Let i = -106 - -118. Let y be ((-3)/(-2))/((-2)/(-4)). Suppose -y*m - m + 